 the remainder when 26 is divided by l(-3).
2
Suppose 0 = 4*a + 10*w - 6*w - 240, -4*w = -2*a + 114. What is the remainder when 68 is divided by a?
9
Let h(u) = 5*u - 1. Let o be h(5). Let d = -17 + o. What is the remainder when 10 is divided by d?
3
Calculate the remainder when 4/8 + ((-71)/(-2) - -6) is divided by 4.
2
Calculate the remainder when 187 is divided by 106/2 + (72/(-6) - -7).
43
Suppose -3*g - 4*h = g - 128, 2*g = 4*h + 40. What is the remainder when g is divided by 12?
4
Let i = 274 - 250. What is the remainder when 59 is divided by i?
11
Suppose 2*z - 3*w = -2*w + 1, -2*w = -3*z. Let j(u) = -2*u + 3*u**2 + 2*u**z - u**3 + 5*u + 3. Calculate the remainder when 90 is divided by j(4).
28
Suppose -4*l + 38 = -3*h, 0 = 5*h - 3*l + 17 + 28. Let k be (-16)/h*6/4. What is the remainder when (6 - k)/(2/3) is divided by 2?
1
Let c(v) = -v**2 - 15*v + 10. What is the remainder when 90 is divided by c(-14)?
18
Let c = -4 + 121. What is the remainder when c is divided by 15?
12
Let m(s) = s**3 - 3*s**2 + 5*s - 6. Suppose -2*g - 2*o - 4 = -4*o, -5*g - 10 = -2*o. Let r = g - -5. Calculate the remainder when 34 is divided by m(r).
7
Let z = -33 + 30. Calculate the remainder when 17 is divided by (z/6)/((-3)/30).
2
Suppose 4*r + 4*y - 36 = -0*y, -3*r = 4*y - 27. Let d = 15 - r. Suppose 3*m + d = 5*q - 71, 5*m - 6 = -2*q. Calculate the remainder when 37 is divided by q.
11
Let f be 1 - 3/(-6)*-8. Suppose 40 = 9*j - 4*j. What is the remainder when (-1)/((-40)/13 - f) is divided by j?
5
Let p(b) = 7*b + 52. Let i(g) = -120*g - 885. Let f(k) = 2*i(k) + 35*p(k). Calculate the remainder when 99 is divided by f(0).
49
What is the remainder when (-1500)/(-3) + (5 - (-12)/(-4)) is divided by 21?
19
Let a = -232 + 272. What is the remainder when a is divided by 27?
13
Suppose 7*w + 104 = r + 3*w, 4*w + 456 = 5*r. Calculate the remainder when r is divided by 18.
16
Let z be (-43 + 3 + -2)*-3. Suppose -w = 2*w - z. Let c = 71 - w. Calculate the remainder when c is divided by 15.
14
Let y(p) = -9 - 1 + 7*p + 5. Let v be y(4). Suppose -5*o + v + 92 = 0. Calculate the remainder when o is divided by 12.
11
Let h(u) = -251*u - 1699. What is the remainder when 162 is divided by h(-7)?
46
What is the remainder when (18 + -6 - 6) + 180 is divided by 38?
34
Let j(r) = -92*r + 22. What is the remainder when j(-2) is divided by 11?
8
Let z(k) = 8*k**3 + 2*k**2 + 1. Let g be z(-2). Let p = 89 + g. What is the remainder when p is divided by 9?
7
Let l(n) = n**2 - n + 1. Let r = 7 - 23. Let a = r + 14. What is the remainder when 18 is divided by l(a)?
4
Calculate the remainder when (-2 - -1)*-112 - (-5)/(-1) is divided by 22.
19
What is the remainder when (-11)/(110/2780)*(-1)/2 is divided by 28?
27
Let y(s) = 141*s**3 - 2*s**2 + 4*s - 4. Calculate the remainder when y(1) is divided by 20.
19
Suppose 0 = -6*o - 2*o + 408. Suppose -20 = 4*p - 5*p. Let g = p + -7. Calculate the remainder when o is divided by g.
12
Let j = 22 - 4. Suppose 4 = 2*n - 4*z, -5*n + 3*z + 5 = 2. Suppose n = 4*w - 5*v - j, 3*w - 4*v - 13 = 1. What is the remainder when 6 is divided by w?
0
Suppose 12*g = -12*g + 624. Calculate the remainder when 672 is divided by g.
22
Let u = 24 - 21. Suppose -11 = -5*t - u*p, t - 5*p + 8 = 27. Let r = 7 - 1. What is the remainder when r is divided by t?
2
Let h(b) = 40*b**2 - 1. What is the remainder when h(1) is divided by 1/(((-28)/(-20))/7)?
4
Let o = -35 + 54. Let h(a) = -a**2 + 19*a + 11. Calculate the remainder when 16 is divided by h(o).
5
Calculate the remainder when 203 is divided by (1645/47)/((-1)/(-2)).
63
Let f = 89 - 41. Calculate the remainder when f/10*(-2 + (-38)/(-4)) is divided by 11.
3
Suppose 6*r + 3 = -9. What is the remainder when 85 is divided by r*2/(2/(-11))?
19
Let y = 293 - 171. Suppose 4*i = -5*l + y, -2*l - 2*i + 59 = 3*i. What is the remainder when l is divided by 6?
4
Suppose 4*c - 56 = 4*h, 2*h - 64 = -4*c - 26. Suppose 5*x + 9 = 34. Suppose 8*m = x*m + 126. Calculate the remainder when m is divided by c.
9
Let x(s) = 4*s - 7. What is the remainder when (-343)/14*(5 - 7) is divided by x(5)?
10
Let n be (-1*3)/(2/4). Let s be (n/(-5))/((-3)/(-10)). Suppose 3*o + s = 28. Calculate the remainder when o is divided by 5.
3
Let t(c) = 2*c + 1. Let p be t(13). Let v(m) = -11*m + 1. Let s be v(-4). Let q = s - p. What is the remainder when q is divided by 10?
8
Let q = 38 - 21. Let d = q + -3. Calculate the remainder when (-2)/(-9) - (-367)/9 is divided by d.
13
Let a(r) = 3*r**2 + 5*r + 3. Let b be a(5). Let h = -68 + b. Calculate the remainder when h is divided by 19.
16
Let g = 129 - 190. Let o = -85 - g. Let m = 31 + o. Calculate the remainder when 23 is divided by m.
2
Let c(q) = q**3 + 27*q**2 + 2*q + 58. What is the remainder when ((-3)/(-2))/((-1)/(-10)) is divided by c(-27)?
3
Suppose 2*f = f + 3. Suppose b + f*y - 49 = -2, 0 = 5*b + 2*y - 183. Let j = 51 - b. What is the remainder when 47 is divided by j?
15
Let g = 590 - 557. Calculate the remainder when 361 is divided by g.
31
Let r be (-28)/(-6) + ((-16)/12)/(-4). Let k be 2*-4*-3*4. Suppose 0 = -5*m - r*l + 160, -l + 4 - k = -3*m. Calculate the remainder when 60 is divided by m.
29
Let y(u) = 39*u - 7. What is the remainder when 35 is divided by y(1)?
3
Calculate the remainder when 282/10 - 4/20 is divided by 75/6*84/70.
13
Let n be (-1 - 1)/((-8)/16). Let a(h) = -h**3 + 3*h**2 + 8*h - 10. Calculate the remainder when 21 is divided by a(n).
3
Suppose -28 + 7 = -o. Suppose 0 = -30*y + 27*y + 261. Suppose -241 = -3*v - 0*t - 4*t, -2*t - y = -v. What is the remainder when v is divided by o?
20
Let g = -158 + 161. Suppose -21 = -0*f - f - v, -g*f + v = -47. Calculate the remainder when f is divided by 41/4 + 1/(-4).
7
Suppose 3*f - 8 = -f. Suppose 6*a - f*a = -3*z + 32, 0 = -5*a + 4*z + 9. Calculate the remainder when a is divided by 1.
0
Suppose b = 3*b - 4*a - 34, a + 5 = 0. What is the remainder when b is divided by 2?
1
Let o(z) = 7*z**2 + 23*z + 23. Let p = -7 + 10. What is the remainder when o(-1) is divided by p?
1
Let u be 12/(-8)*(-60)/9. Let a(n) = n**2 - 11*n + 12. Let f be a(u). Calculate the remainder when (-3)/6*(f - 44) is divided by 11.
10
Suppose 2*o - 2 = -2*k + 14, 4*o = 5*k + 14. What is the remainder when 10 is divided by o?
4
What is the remainder when 114 is divided by 7991/131*((-2)/(-1) - 1)?
53
What is the remainder when 43 is divided by (-377)/(-39) + 12/9?
10
Let r = 192 + -46. Let j = 281 - r. Suppose 0*s + j = 3*p + s, 2*s + 98 = 2*p. What is the remainder when p is divided by 12?
10
Suppose -3*h + 5*a = -72, 26 + 15 = 2*h - a. Calculate the remainder when 69 is divided by h.
12
Let i be 8/32 - (-7)/4. Suppose -7*u + 135 = -i*u. What is the remainder when 7 is divided by 2*(u/6)/3?
1
Let k = 15 + -10. Suppose 3*d + d - 4*u - 220 = 0, 4*d = -k*u + 220. What is the remainder when d is divided by 14?
13
Suppose 24*z - 17*z = 336. What is the remainder when z is divided by 34?
14
Let m = 37 - 18. What is the remainder when 1 + -1 - 2 - (m + -103) is divided by 21?
19
Let c = 133 - -62. Calculate the remainder when c is divided by 28.
27
Calculate the remainder when 159 is divided by 2478/59 - 6*1.
15
Let s = -39 - -109. Calculate the remainder when s is divided by 24.
22
Let d(w) be the first derivative of 51*w**4/4 + w**3/3 - w**2 + w + 2. Suppose -52 = 6*k - 8*k. What is the remainder when d(1) is divided by k?
25
Let j = 43 + -8. Suppose j*w - 6 = 33*w. What is the remainder when 10 is divided by w?
1
Let r = -26 - -2. Let y = -8 - r. Let k = -10 - -20. Calculate the remainder when y is divided by k.
6
What is the remainder when 70 is divided by 1232/49 + (-2)/14?
20
Let h be (-30)/(-4)*(-9)/((-27)/2). Let d(u) = -4*u**2 + 26*u + 1. What is the remainder when 92 is divided by d(h)?
30
Let s(z) = z**3 + 10*z**2 + 7*z + 7. What is the remainder when 70 is divided by s(-9)?
20
Suppose -4*s = -2*d + 850, 22 - 34 = 3*s. Calculate the remainder when d is divided by 19.
18
Let i = -1325 + 1614. What is the remainder when i is divided by 73?
70
Suppose 26 = -3*t - 1. Let m be (6/t)/((-2)/18). Calculate the remainder when (8/m)/((-4)/(-66)) is divided by 6.
4
Calculate the remainder when 45 - -5 - (-2 + 1) is divided by 13.
12
Let b be 1/((-2)/(-8)) +